{"id":691,"date":"2022-08-05T19:11:06","date_gmt":"2022-08-05T19:11:06","guid":{"rendered":"https:\/\/cooperativaburgues.com.uy\/web\/?page_id=691"},"modified":"2022-08-17T13:03:49","modified_gmt":"2022-08-17T13:03:49","slug":"limpieza-manual-y-mecanica-de-las-playas","status":"publish","type":"page","link":"https:\/\/cooperativaburgues.com.uy\/web\/limpieza-manual-y-mecanica-de-las-playas\/","title":{"rendered":"PROMOVEMOS UN MODELO SOSTENIBLE EN LA GESTI\u00d3N DE RESIDUOS"},"content":{"rendered":"\n<p><strong>Trabajamos en la gesti\u00f3n de residuos s\u00f3lidos urbanos. <\/strong><\/p>\n\n\n\n<p>Nuestro compromiso con el entorno es firme y todos nuestros procedimientos buscan reducir el impacto ambiental al m\u00e1ximo mediante la recolecci\u00f3n, tratamiento y acondicionamiento de residuos s\u00f3lidos urbanos. <\/p>\n\n\n\n<p>En Cooperativa Burgues, aplicamos soluciones sostenibles que revierten directamente en el bienestar social y la protecci\u00f3n de nuestro medio ambiente.<\/p>\n","protected":false},"excerpt":{"rendered":"<p>Trabajamos en la gesti\u00f3n de residuos s\u00f3lidos urbanos. Nuestro compromiso con el entorno es firme y todos nuestros procedimientos buscan reducir el impacto ambiental al m\u00e1ximo mediante la recolecci\u00f3n, tratamiento y acondicionamiento de residuos s\u00f3lidos urbanos. En Cooperativa Burgues, aplicamos soluciones sostenibles que &hellip;<\/p>\n","protected":false},"author":1,"featured_media":709,"parent":0,"menu_order":0,"comment_status":"closed","ping_status":"closed","template":"","meta":{"_monsterinsights_skip_tracking":false,"_monsterinsights_sitenote_active":false,"_monsterinsights_sitenote_note":"","_monsterinsights_sitenote_category":0,"footnotes":""},"class_list":["post-691","page","type-page","status-publish","has-post-thumbnail","hentry"],"_links":{"self":[{"href":"https:\/\/cooperativaburgues.com.uy\/web\/wp-json\/wp\/v2\/pages\/691","targetHints":{"allow":["GET"]}}],"collection":[{"href":"https:\/\/cooperativaburgues.com.uy\/web\/wp-json\/wp\/v2\/pages"}],"about":[{"href":"https:\/\/cooperativaburgues.com.uy\/web\/wp-json\/wp\/v2\/types\/page"}],"author":[{"embeddable":true,"href":"https:\/\/cooperativaburgues.com.uy\/web\/wp-json\/wp\/v2\/users\/1"}],"replies":[{"embeddable":true,"href":"https:\/\/cooperativaburgues.com.uy\/web\/wp-json\/wp\/v2\/comments?post=691"}],"version-history":[{"count":3,"href":"https:\/\/cooperativaburgues.com.uy\/web\/wp-json\/wp\/v2\/pages\/691\/revisions"}],"predecessor-version":[{"id":797,"href":"https:\/\/cooperativaburgues.com.uy\/web\/wp-json\/wp\/v2\/pages\/691\/revisions\/797"}],"wp:featuredmedia":[{"embeddable":true,"href":"https:\/\/cooperativaburgues.com.uy\/web\/wp-json\/wp\/v2\/media\/709"}],"wp:attachment":[{"href":"https:\/\/cooperativaburgues.com.uy\/web\/wp-json\/wp\/v2\/media?parent=691"}],"curies":[{"name":"wp","href":"https:\/\/api.w.org\/{rel}","templated":true}]}}